{"id":1121,"date":"2024-03-07T18:27:06","date_gmt":"2024-03-07T18:27:06","guid":{"rendered":"https:\/\/espacedespossibles.fr\/?page_id=1121"},"modified":"2024-03-10T17:57:42","modified_gmt":"2024-03-10T17:57:42","slug":"financement","status":"publish","type":"page","link":"https:\/\/espacedespossibles.fr\/?page_id=1121","title":{"rendered":"Financement"},"content":{"rendered":"<div class=\"wp-block-image\">\n<figure class=\"aligncenter size-full is-resized\"><img loading=\"lazy\" decoding=\"async\" width=\"317\" height=\"169\" src=\"https:\/\/espacedespossibles.fr\/wp-content\/uploads\/2024\/03\/LogoQualiopi-150dpi-AvecMarianne-2.png\" alt=\"\" class=\"wp-image-1126\" style=\"width:497px;height:auto\" srcset=\"https:\/\/espacedespossibles.fr\/wp-content\/uploads\/2024\/03\/LogoQualiopi-150dpi-AvecMarianne-2.png 317w, https:\/\/espacedespossibles.fr\/wp-content\/uploads\/2024\/03\/LogoQualiopi-150dpi-AvecMarianne-2-300x160.png 300w\" sizes=\"auto, (max-width: 317px) 100vw, 317px\" \/><\/figure>\n<\/div>\n\n\n<p>Ecole certifi\u00e9e Qualiopi pour les actions de formation. <strong>CERTIFICAT N\u00b0QUA23070057<\/strong><\/p>\n\n\n\n<p>Nos formations sont \u00e9ligibles aux financements OPCO, opco ep<\/p>\n\n\n\n<p>les formations sont susceptibles d&rsquo;\u00eatre prises en charge si vous \u00eates \u00e0 votre compte par le fafcea, le fifpl, l&rsquo;opco dont vous d\u00e9pendez, l&rsquo;agefice.<\/p>\n\n\n\n<p>Si vous \u00eates salari\u00e9e dans le secteur du bien-\u00eatre ce sera l&rsquo;opco ep qui est concern\u00e9. Nos formations sont \u00e9galement susceptibles d&rsquo;\u00eatre prises en charge si vous travaillez en milieu hospitalier, en ehpad, dans le secteur de la petite enfance<\/p>\n\n\n\n<p>Elles peuvent \u00e9galement \u00eatre prises en charge dans le cadre d&rsquo;un plan de reconversion et de restructuration de l&rsquo;entreprise qui vous emploie. Certaines collectivit\u00e9s locales peuvent \u00e9galement prendre en charge les formations\u00a0sans passer par le cpf. Votre financement pourrait aussi passer par les missions locales si vous avez moins de 25 ans.<\/p>\n\n\n\n<p>Une aide au financement par l&rsquo;Agafiph peut \u00eatre possible si vous \u00eates en situation de handicap.<\/p>\n\n\n\n<p>R\u00e9f\u00e9rente handicap : Manushka Chamboissier. Contact ci-dessous.<\/p>\n\n\n\n<p>Pour \u00eatre accompagn\u00e9(e) dans votre recherche ou demande de financement vous pouvez nous contacter au 0687531115 ou par mail : contact@espacedespossibles.fr et nous vous aiderons avec plaisir dans vos d\u00e9marches.<\/p>\n\n\n\n<p><\/p>\n\n\n\n<p><\/p>\n\n\n\n<p><\/p>\n\n\n\n<p> <\/p>\n","protected":false},"excerpt":{"rendered":"<p>Ecole certifi\u00e9e Qualiopi pour les actions de formation. CERTIFICAT N\u00b0QUA23070057 Nos formations sont \u00e9ligibles aux financements OPCO, opco ep les formations sont susceptibles d&rsquo;\u00eatre prises en charge si vous \u00eates&hellip;&nbsp;<a href=\"https:\/\/espacedespossibles.fr\/?page_id=1121\" rel=\"bookmark\">Lire la suite &raquo;<span class=\"screen-reader-text\">Financement<\/span><\/a><\/p>\n","protected":false},"author":1,"featured_media":0,"parent":0,"menu_order":0,"comment_status":"closed","ping_status":"closed","template":"","meta":{"om_disable_all_campaigns":false,"_eb_attr":"","_monsterinsights_skip_tracking":false,"_monsterinsights_sitenote_active":false,"_monsterinsights_sitenote_note":"","_monsterinsights_sitenote_category":0,"_uf_show_specific_survey":0,"_uf_disable_surveys":false,"neve_meta_sidebar":"","neve_meta_container":"","neve_meta_enable_content_width":"","neve_meta_content_width":0,"neve_meta_title_alignment":"","neve_meta_author_avatar":"","neve_post_elements_order":"","neve_meta_disable_header":"","neve_meta_disable_footer":"","neve_meta_disable_title":"","footnotes":""},"class_list":["post-1121","page","type-page","status-publish","hentry"],"aioseo_notices":[],"jetpack_sharing_enabled":true,"_links":{"self":[{"href":"https:\/\/espacedespossibles.fr\/index.php?rest_route=\/wp\/v2\/pages\/1121","targetHints":{"allow":["GET"]}}],"collection":[{"href":"https:\/\/espacedespossibles.fr\/index.php?rest_route=\/wp\/v2\/pages"}],"about":[{"href":"https:\/\/espacedespossibles.fr\/index.php?rest_route=\/wp\/v2\/types\/page"}],"author":[{"embeddable":true,"href":"https:\/\/espacedespossibles.fr\/index.php?rest_route=\/wp\/v2\/users\/1"}],"replies":[{"embeddable":true,"href":"https:\/\/espacedespossibles.fr\/index.php?rest_route=%2Fwp%2Fv2%2Fcomments&post=1121"}],"version-history":[{"count":4,"href":"https:\/\/espacedespossibles.fr\/index.php?rest_route=\/wp\/v2\/pages\/1121\/revisions"}],"predecessor-version":[{"id":1138,"href":"https:\/\/espacedespossibles.fr\/index.php?rest_route=\/wp\/v2\/pages\/1121\/revisions\/1138"}],"wp:attachment":[{"href":"https:\/\/espacedespossibles.fr\/index.php?rest_route=%2Fwp%2Fv2%2Fmedia&parent=1121"}],"curies":[{"name":"wp","href":"https:\/\/api.w.org\/{rel}","templated":true}]}}