{"id":473,"date":"2022-09-25T14:47:58","date_gmt":"2022-09-25T14:47:58","guid":{"rendered":"https:\/\/espacesdespossibles.live-website.com\/?page_id=473"},"modified":"2024-03-07T18:21:25","modified_gmt":"2024-03-07T18:21:25","slug":"tarifs2-3","status":"publish","type":"page","link":"https:\/\/espacedespossibles.fr\/?page_id=473","title":{"rendered":"Tarifs"},"content":{"rendered":"\n<h2 class=\"wp-block-heading\">Cursus Praticien<\/h2>\n\n\n\n<figure class=\"wp-block-table\"><table><tbody><tr><td class=\"has-text-align-left\" data-align=\"left\">Formation a la carte<\/td><td class=\"has-text-align-center\" data-align=\"center\">Temps<\/td><td class=\"has-text-align-center\" data-align=\"center\">Tarifs<\/td><td class=\"has-text-align-center\" data-align=\"center\">Tarifs prise en charge<\/td><\/tr><tr><td class=\"has-text-align-left\" data-align=\"left\">3 jours<\/td><td class=\"has-text-align-center\" data-align=\"center\">8 Heures<\/td><td class=\"has-text-align-center\" data-align=\"center\">160 \u20ac<\/td><td class=\"has-text-align-center\" data-align=\"center\">195 \u20ac<\/td><\/tr><tr><td class=\"has-text-align-left\" data-align=\"left\">2 jours<\/td><td class=\"has-text-align-center\" data-align=\"center\">14&nbsp;Heures<\/td><td class=\"has-text-align-center\" data-align=\"center\">310 \u20ac<\/td><td class=\"has-text-align-center\" data-align=\"center\">390 \u20ac<\/td><\/tr><tr><td class=\"has-text-align-left\" data-align=\"left\">3 jours<\/td><td class=\"has-text-align-center\" data-align=\"center\">21 Heures<\/td><td class=\"has-text-align-center\" data-align=\"center\">410&nbsp;\u20ac<\/td><td class=\"has-text-align-center\" data-align=\"center\">510 \u20ac<\/td><\/tr><tr><td class=\"has-text-align-left\" data-align=\"left\">4 jours<\/td><td class=\"has-text-align-center\" data-align=\"center\">28 Heures<\/td><td class=\"has-text-align-center\" data-align=\"center\">510 \u20ac<\/td><td class=\"has-text-align-center\" data-align=\"center\">610 \u20ac<\/td><\/tr><tr><td class=\"has-text-align-left\" data-align=\"left\">5 jours<\/td><td class=\"has-text-align-center\" data-align=\"center\">35 Heures<\/td><td class=\"has-text-align-center\" data-align=\"center\">610 \u20ac<\/td><td class=\"has-text-align-center\" data-align=\"center\">710 \u20ac<\/td><\/tr><tr><td class=\"has-text-align-left\" data-align=\"left\">6 jours (hors soins \u00e9n\u00e9rg\u00e9tiques)<\/td><td class=\"has-text-align-center\" data-align=\"center\">42 Heures<\/td><td class=\"has-text-align-center\" data-align=\"center\">750 \u20ac<\/td><td class=\"has-text-align-center\" data-align=\"center\">910 \u20ac<\/td><\/tr><tr><td class=\"has-text-align-left\" data-align=\"left\">6 jours (Soins \u00e9nerg\u00e9tiques)<\/td><td class=\"has-text-align-center\" data-align=\"center\">42 Heures<\/td><td class=\"has-text-align-center\" data-align=\"center\">790 \u20ac<\/td><td class=\"has-text-align-center\" data-align=\"center\">960 \u20ac<\/td><\/tr><tr><td class=\"has-text-align-left\" data-align=\"left\">7 jours<\/td><td class=\"has-text-align-center\" data-align=\"center\">49 Heures<\/td><td class=\"has-text-align-center\" data-align=\"center\">830 \u20ac<\/td><td class=\"has-text-align-center\" data-align=\"center\">985 \u20ac<\/td><\/tr><tr><td class=\"has-text-align-left\" data-align=\"left\">Formation Mad\u00e9roth\u00e9rapie &amp; Drainage Br\u00e9silien (Corps)<\/td><td class=\"has-text-align-center\" data-align=\"center\">14 Heures<\/td><td class=\"has-text-align-center\" data-align=\"center\">350 \u20ac<\/td><td class=\"has-text-align-center\" data-align=\"center\">450 \u20ac<\/td><\/tr><tr><td class=\"has-text-align-left\" data-align=\"left\">Formation Mad\u00e9roth\u00e9rapie &amp; Drainage Br\u00e9silien (Corps &amp; Visage)<\/td><td class=\"has-text-align-center\" data-align=\"center\">21 Heures<\/td><td class=\"has-text-align-center\" data-align=\"center\">450 \u20ac<\/td><td class=\"has-text-align-center\" data-align=\"center\">530 \u20ac<\/td><\/tr><\/tbody><\/table><figcaption class=\"wp-element-caption\">(Frais d&rsquo;inscription au cursus praticien : 50\u20ac)<\/figcaption><\/figure>\n","protected":false},"excerpt":{"rendered":"<p>Cursus Praticien Formation a la carte Temps Tarifs Tarifs prise en charge 3 jours 8 Heures 160 \u20ac 195 \u20ac 2 jours 14&nbsp;Heures 310 \u20ac 390 \u20ac 3 jours 21&hellip;&nbsp;<a href=\"https:\/\/espacedespossibles.fr\/?page_id=473\" rel=\"bookmark\">Lire la suite &raquo;<span class=\"screen-reader-text\">Tarifs<\/span><\/a><\/p>\n","protected":false},"author":1,"featured_media":0,"parent":0,"menu_order":0,"comment_status":"closed","ping_status":"closed","template":"","meta":{"om_disable_all_campaigns":false,"_eb_attr":"","_monsterinsights_skip_tracking":false,"_monsterinsights_sitenote_active":false,"_monsterinsights_sitenote_note":"","_monsterinsights_sitenote_category":0,"_uf_show_specific_survey":0,"_uf_disable_surveys":false,"neve_meta_sidebar":"","neve_meta_container":"","neve_meta_enable_content_width":"","neve_meta_content_width":0,"neve_meta_title_alignment":"","neve_meta_author_avatar":"","neve_post_elements_order":"","neve_meta_disable_header":"","neve_meta_disable_footer":"","neve_meta_disable_title":"","footnotes":""},"class_list":["post-473","page","type-page","status-publish","hentry"],"aioseo_notices":[],"jetpack_sharing_enabled":true,"_links":{"self":[{"href":"https:\/\/espacedespossibles.fr\/index.php?rest_route=\/wp\/v2\/pages\/473","targetHints":{"allow":["GET"]}}],"collection":[{"href":"https:\/\/espacedespossibles.fr\/index.php?rest_route=\/wp\/v2\/pages"}],"about":[{"href":"https:\/\/espacedespossibles.fr\/index.php?rest_route=\/wp\/v2\/types\/page"}],"author":[{"embeddable":true,"href":"https:\/\/espacedespossibles.fr\/index.php?rest_route=\/wp\/v2\/users\/1"}],"replies":[{"embeddable":true,"href":"https:\/\/espacedespossibles.fr\/index.php?rest_route=%2Fwp%2Fv2%2Fcomments&post=473"}],"version-history":[{"count":22,"href":"https:\/\/espacedespossibles.fr\/index.php?rest_route=\/wp\/v2\/pages\/473\/revisions"}],"predecessor-version":[{"id":1120,"href":"https:\/\/espacedespossibles.fr\/index.php?rest_route=\/wp\/v2\/pages\/473\/revisions\/1120"}],"wp:attachment":[{"href":"https:\/\/espacedespossibles.fr\/index.php?rest_route=%2Fwp%2Fv2%2Fmedia&parent=473"}],"curies":[{"name":"wp","href":"https:\/\/api.w.org\/{rel}","templated":true}]}}